{"id":70,"date":"2016-06-19T11:04:24","date_gmt":"2016-06-19T09:04:24","guid":{"rendered":"http:\/\/saptel.eu\/?page_id=70"},"modified":"2020-04-11T15:54:47","modified_gmt":"2020-04-11T13:54:47","slug":"sieci-strukturalne","status":"publish","type":"page","link":"https:\/\/saptel.pl\/index.php\/oferta\/sieci-strukturalne\/","title":{"rendered":"Sieci Strukturalne"},"content":{"rendered":"\n<div class=\"wp-block-columns is-layout-flex wp-container-core-columns-is-layout-1 wp-block-columns-is-layout-flex\">\n<div class=\"wp-block-column is-vertically-aligned-center is-layout-flow wp-block-column-is-layout-flow\" style=\"flex-basis:66.66%\">\n<p><span style=\"font-size: 14px; font-family: verdana,geneva,sans-serif;\">Dynamiczny rozw\u00f3j technologii teleinformatycznej sprawia, \u017ce okablowanie strukturalne sta\u0142o si\u0119 jedn\u0105 z najwa\u017cniejszych inwestycji. U\u0142atwia zarz\u0105dzanie sieci\u0105 komputerow\u0105 i telefoniczn\u0105, jest podatne na zmiany w konfiguracji i zupe\u0142nie niezale\u017cne od zmian urz\u0105dze\u0144 pracuj\u0105cych w sieci.<\/span><br \/><span style=\"font-size: 14px; font-family: verdana,geneva,sans-serif;\"> Sieci strukturalne okre\u015blane s\u0105 normami TIA (Telecommunications Industry Association), cz\u0119sto specyfikowane przez u\u017cytkownik\u00f3w Ameryki P\u00f3\u0142nocnej oraz ISO (International Organization for Standardization), kt\u00f3re s\u0105 bardziej odpowiednie dla wsp\u00f3lnego globalnego rynku okablowania.<\/span><\/p>\n<\/div>\n\n\n\n<div class=\"wp-block-column is-layout-flow wp-block-column-is-layout-flow\" style=\"flex-basis:33.33%\">\n<div class=\"wp-block-image\"><figure class=\"aligncenter size-large\"><img loading=\"lazy\" decoding=\"async\" width=\"806\" height=\"606\" src=\"https:\/\/saptel.pl\/wp-content\/uploads\/2020\/04\/cabling-network.png\" alt=\"\" class=\"wp-image-728\" srcset=\"https:\/\/saptel.pl\/wp-content\/uploads\/2020\/04\/cabling-network.png 806w, https:\/\/saptel.pl\/wp-content\/uploads\/2020\/04\/cabling-network-300x226.png 300w, https:\/\/saptel.pl\/wp-content\/uploads\/2020\/04\/cabling-network-768x577.png 768w, https:\/\/saptel.pl\/wp-content\/uploads\/2020\/04\/cabling-network-570x428.png 570w, https:\/\/saptel.pl\/wp-content\/uploads\/2020\/04\/cabling-network-380x285.png 380w, https:\/\/saptel.pl\/wp-content\/uploads\/2020\/04\/cabling-network-285x214.png 285w\" sizes=\"(max-width: 806px) 100vw, 806px\" \/><\/figure><\/div>\n<\/div>\n<\/div>\n\n\n\n<div class=\"wp-block-columns is-layout-flex wp-container-core-columns-is-layout-2 wp-block-columns-is-layout-flex\">\n<div class=\"wp-block-column is-vertically-aligned-center is-layout-flow wp-block-column-is-layout-flow\" style=\"flex-basis:33.33%\">\n<div class=\"wp-block-image\"><figure class=\"alignleft size-large\"><img loading=\"lazy\" decoding=\"async\" width=\"700\" height=\"368\" src=\"https:\/\/saptel.pl\/wp-content\/uploads\/2020\/04\/cabling_data.jpg\" alt=\"\" class=\"wp-image-729\" srcset=\"https:\/\/saptel.pl\/wp-content\/uploads\/2020\/04\/cabling_data.jpg 700w, https:\/\/saptel.pl\/wp-content\/uploads\/2020\/04\/cabling_data-300x158.jpg 300w\" sizes=\"(max-width: 700px) 100vw, 700px\" \/><\/figure><\/div>\n<\/div>\n\n\n\n<div class=\"wp-block-column is-layout-flow wp-block-column-is-layout-flow\" style=\"flex-basis:66.66%\">\n<p><span style=\"font-family: verdana,geneva,sans-serif; font-size: 14px;\">Wychodz\u0105c naprzeciw potrzebom efektywnego wykorzystywania zasob\u00f3w teleinformatycznych oferujemy Pa\u0144stwu kompleksowe us\u0142ugi zwi\u0105zane z projektem i budow\u0105 zintegrowanej sieci teleinformatycznej w oparciu o tradycyjne okablowanie miedziane oraz \u015bwiat\u0142owodowe.<\/span><br \/><span style=\"font-family: verdana,geneva,sans-serif; font-size: 14px;\"> Oferujemy Pa\u0144stwu:<\/span><\/p>\n<ul>\n<li><span style=\"font-family: verdana,geneva,sans-serif; font-size: 14px;\">pomoc przy okre\u015bleniu warunk\u00f3w technicznych<\/span><\/li>\n<li><span style=\"font-family: verdana,geneva,sans-serif; font-size: 14px;\">przygotowanie techniczno-ekonomicznych za\u0142o\u017ce\u0144 inwestycji<\/span><\/li>\n<li><span style=\"font-family: verdana,geneva,sans-serif; font-size: 14px;\">opracowanie dokumentacji projektowej<\/span><\/li>\n<li><span style=\"font-family: verdana,geneva,sans-serif; font-size: 14px;\">wykonanie instalacji okablowania strukturalnego oraz dedykowanej sieci zasilania elektrycznego.<\/span><\/li>\n<li><span style=\"font-family: verdana,geneva,sans-serif; font-size: 14px;\">pomiary sieci<\/span><\/li>\n<li><span style=\"font-family: verdana,geneva,sans-serif; font-size: 14px;\">opiek\u0119 nad dzia\u0142aj\u0105c\u0105 sieci\u0105<\/span><\/li>\n<\/ul>\n<p><span style=\"font-family: verdana,geneva,sans-serif; font-size: 14px;\">\u015awiadczymy r\u00f3wnie\u017c us\u0142ugi polegaj\u0105ce na rozbudowie i modernizacji sieci ju\u017c istniej\u0105cych.<\/span><\/p>\n<\/div>\n<\/div>\n\n\n\n<table style=\"border-color: #ffffff; width: 100%;\" border=\"0\" cellspacing=\"20\">\n<tbody>\n<tr style=\"height: 24.5px;\">\n<td style=\"height: 24.5px; border-color: #ffffff; text-align: left; width: 1.72414%;\" colspan=\"2\"><span style=\"font-family: verdana, geneva, sans-serif; font-size: 20px;\">POMIARY OKABLOWANIA STRUKTURALNEGO<\/span><\/td>\n<\/tr>\n<tr style=\"height: 96px;\">\n<td style=\"height: 96px; border-color: #ffffff; text-align: left; width: 1.72414%;\" colspan=\"2\">\n<p><span style=\"font-family: verdana,geneva,sans-serif; font-size: 14px;\">Naczelnym celem pomiar\u00f3w sieci jest sprawdzenie okablowania strukturalnego w odniesieniu do obowi\u0105zuj\u0105cych norm i standard\u00f3w. Przy pomocy tester\u00f3w okablowania mo\u017cna okre\u015bli\u0107 poprawno\u015b\u0107 zainstalowanych kabli i zastosowanych komponent\u00f3w. Wyniki pomiar\u00f3w s\u0105 podstaw\u0105 do przeprowadzenia w dalszej kolejno\u015bci certyfikacji okablowania strukturalnego.<\/span><br \/><span style=\"font-family: verdana,geneva,sans-serif; font-size: 14px;\"> Wykonujemy pomiary wszystkich wykonywanych przez nasz\u0105 firm\u0119 instalacji oraz pomiary zlecone przez innych wykonawc\u00f3w. Do wynik\u00f3w pomiar\u00f3w do\u0142\u0105czamy na \u017cyczenie, protoko\u0142y pomiarowe i wydruki.<\/span><\/p>\n<p>\u00a0<\/p>\n<\/td>\n<\/tr>\n<\/tbody>\n<\/table>\n\n\n\n<div class=\"wp-block-columns is-layout-flex wp-container-core-columns-is-layout-3 wp-block-columns-is-layout-flex\">\n<div class=\"wp-block-column is-layout-flow wp-block-column-is-layout-flow\" style=\"flex-basis:0%\"><\/div>\n\n\n\n<div class=\"wp-block-column is-layout-flow wp-block-column-is-layout-flow\">\n<figure class=\"wp-block-image size-large\"><img loading=\"lazy\" decoding=\"async\" width=\"320\" height=\"356\" src=\"https:\/\/saptel.pl\/wp-content\/uploads\/2020\/04\/pomiar_sieci_lan_wykresy.jpg\" alt=\"\" class=\"wp-image-734\" srcset=\"https:\/\/saptel.pl\/wp-content\/uploads\/2020\/04\/pomiar_sieci_lan_wykresy.jpg 320w, https:\/\/saptel.pl\/wp-content\/uploads\/2020\/04\/pomiar_sieci_lan_wykresy-270x300.jpg 270w\" sizes=\"(max-width: 320px) 100vw, 320px\" \/><\/figure>\n<\/div>\n<\/div>\n","protected":false},"excerpt":{"rendered":"<p>Dynamiczny rozw\u00f3j technologii teleinformatycznej sprawia, \u017ce okablowanie strukturalne sta\u0142o si\u0119 jedn\u0105 z najwa\u017cniejszych inwestycji. U\u0142atwia zarz\u0105dzanie sieci\u0105 komputerow\u0105 i telefoniczn\u0105, jest podatne na zmiany w konfiguracji i zupe\u0142nie niezale\u017cne od zmian urz\u0105dze\u0144 pracuj\u0105cych w sieci. Sieci strukturalne okre\u015blane s\u0105 normami TIA (Telecommunications Industry Association), cz\u0119sto specyfikowane przez u\u017cytkownik\u00f3w Ameryki P\u00f3\u0142nocnej oraz ISO (International Organization for [&hellip;]<\/p>\n","protected":false},"author":1,"featured_media":0,"parent":15,"menu_order":0,"comment_status":"closed","ping_status":"closed","template":"","meta":{"footnotes":""},"categories":[],"tags":[],"aioseo_notices":[],"_links":{"self":[{"href":"https:\/\/saptel.pl\/index.php\/wp-json\/wp\/v2\/pages\/70"}],"collection":[{"href":"https:\/\/saptel.pl\/index.php\/wp-json\/wp\/v2\/pages"}],"about":[{"href":"https:\/\/saptel.pl\/index.php\/wp-json\/wp\/v2\/types\/page"}],"author":[{"embeddable":true,"href":"https:\/\/saptel.pl\/index.php\/wp-json\/wp\/v2\/users\/1"}],"replies":[{"embeddable":true,"href":"https:\/\/saptel.pl\/index.php\/wp-json\/wp\/v2\/comments?post=70"}],"version-history":[{"count":25,"href":"https:\/\/saptel.pl\/index.php\/wp-json\/wp\/v2\/pages\/70\/revisions"}],"predecessor-version":[{"id":894,"href":"https:\/\/saptel.pl\/index.php\/wp-json\/wp\/v2\/pages\/70\/revisions\/894"}],"up":[{"embeddable":true,"href":"https:\/\/saptel.pl\/index.php\/wp-json\/wp\/v2\/pages\/15"}],"wp:attachment":[{"href":"https:\/\/saptel.pl\/index.php\/wp-json\/wp\/v2\/media?parent=70"}],"wp:term":[{"taxonomy":"category","embeddable":true,"href":"https:\/\/saptel.pl\/index.php\/wp-json\/wp\/v2\/categories?post=70"},{"taxonomy":"post_tag","embeddable":true,"href":"https:\/\/saptel.pl\/index.php\/wp-json\/wp\/v2\/tags?post=70"}],"curies":[{"name":"wp","href":"https:\/\/api.w.org\/{rel}","templated":true}]}}