{"id":278,"date":"2016-08-29T18:16:34","date_gmt":"2016-08-29T16:16:34","guid":{"rendered":"http:\/\/saptel.eu\/?page_id=278"},"modified":"2017-06-21T22:35:36","modified_gmt":"2017-06-21T20:35:36","slug":"instalacje-av","status":"publish","type":"page","link":"https:\/\/saptel.pl\/index.php\/instalacje-av\/","title":{"rendered":"Instalacje AV"},"content":{"rendered":"<p><span style=\"font-family: verdana, geneva, sans-serif; font-size: 14px;\">Projektujemy i wykonujemy instalacje Audio &#8211; wizualne dla klient\u00f3w indywidualnych, lokali gastronomicznych, hoteli, salon\u00f3w sprzeda\u017cy i centr\u00f3w handlowych. Wykonujemy instalacje kina domowego, system\u00f3w multi-room, dedykowanych salek kinowych, sal konferencyjnych.<\/span><\/p>\n<p><span style=\"font-family: verdana, geneva, sans-serif; font-size: 14px;\">Do ka\u017cdego projektu podchodzimy indywidualnie dobieraj\u0105c:<\/span><\/p>\n<ul>\n<li><span style=\"font-family: verdana, geneva, sans-serif; font-size: 14px;\">odpowiednie okablowanie<\/span><\/li>\n<li><span style=\"font-family: verdana, geneva, sans-serif; font-size: 14px;\">rozmieszczenie element\u00f3w sk\u0142adowych systemu AV na wst\u0119pnie wykonanym projekcie<\/span><\/li>\n<li><span style=\"font-family: verdana, geneva, sans-serif; font-size: 14px;\">dob\u00f3r sprz\u0119tu<\/span><\/li>\n<li><span style=\"font-family: verdana, geneva, sans-serif; font-size: 14px;\">opis i za\u0142o\u017cenia projektu<\/span><\/li>\n<\/ul>\n<p><span style=\"font-family: verdana, geneva, sans-serif; font-size: 14px;\">Nad ka\u017cdym projektem pracujemy do momentu pe\u0142nej akceptacji z Pa\u0144stwa strony.<\/span><\/p>\n<p><img loading=\"lazy\" decoding=\"async\" class=\"alignnone size-full wp-image-279\" src=\"http:\/\/saptel.eu\/wp-content\/uploads\/2016\/08\/multiroom.jpg\" alt=\"multiroom\" width=\"1280\" height=\"720\" srcset=\"https:\/\/saptel.pl\/wp-content\/uploads\/2016\/08\/multiroom.jpg 1280w, https:\/\/saptel.pl\/wp-content\/uploads\/2016\/08\/multiroom-300x169.jpg 300w, https:\/\/saptel.pl\/wp-content\/uploads\/2016\/08\/multiroom-768x432.jpg 768w, https:\/\/saptel.pl\/wp-content\/uploads\/2016\/08\/multiroom-1024x576.jpg 1024w\" sizes=\"(max-width: 1280px) 100vw, 1280px\" \/><\/p>\n<p>&nbsp;<\/p>\n","protected":false},"excerpt":{"rendered":"<p>Projektujemy i wykonujemy instalacje Audio &#8211; wizualne dla klient\u00f3w indywidualnych, lokali gastronomicznych, hoteli, salon\u00f3w sprzeda\u017cy i centr\u00f3w handlowych. Wykonujemy instalacje kina domowego, system\u00f3w multi-room, dedykowanych salek kinowych, sal konferencyjnych. Do ka\u017cdego projektu podchodzimy indywidualnie dobieraj\u0105c: odpowiednie okablowanie rozmieszczenie element\u00f3w sk\u0142adowych systemu AV na wst\u0119pnie wykonanym projekcie dob\u00f3r sprz\u0119tu opis i za\u0142o\u017cenia projektu Nad ka\u017cdym projektem [&hellip;]<\/p>\n","protected":false},"author":1,"featured_media":0,"parent":0,"menu_order":0,"comment_status":"closed","ping_status":"closed","template":"","meta":{"footnotes":""},"categories":[],"tags":[],"aioseo_notices":[],"_links":{"self":[{"href":"https:\/\/saptel.pl\/index.php\/wp-json\/wp\/v2\/pages\/278"}],"collection":[{"href":"https:\/\/saptel.pl\/index.php\/wp-json\/wp\/v2\/pages"}],"about":[{"href":"https:\/\/saptel.pl\/index.php\/wp-json\/wp\/v2\/types\/page"}],"author":[{"embeddable":true,"href":"https:\/\/saptel.pl\/index.php\/wp-json\/wp\/v2\/users\/1"}],"replies":[{"embeddable":true,"href":"https:\/\/saptel.pl\/index.php\/wp-json\/wp\/v2\/comments?post=278"}],"version-history":[{"count":4,"href":"https:\/\/saptel.pl\/index.php\/wp-json\/wp\/v2\/pages\/278\/revisions"}],"predecessor-version":[{"id":360,"href":"https:\/\/saptel.pl\/index.php\/wp-json\/wp\/v2\/pages\/278\/revisions\/360"}],"wp:attachment":[{"href":"https:\/\/saptel.pl\/index.php\/wp-json\/wp\/v2\/media?parent=278"}],"wp:term":[{"taxonomy":"category","embeddable":true,"href":"https:\/\/saptel.pl\/index.php\/wp-json\/wp\/v2\/categories?post=278"},{"taxonomy":"post_tag","embeddable":true,"href":"https:\/\/saptel.pl\/index.php\/wp-json\/wp\/v2\/tags?post=278"}],"curies":[{"name":"wp","href":"https:\/\/api.w.org\/{rel}","templated":true}]}}

<p><span style="font-family: verdana, geneva, sans-serif; font-size: 14px;">Projektujemy i wykonujemy instalacje Audio &#8211; wizualne dla klientów indywidualnych, lokali gastronomicznych, hoteli, salonów sprzedaży i centrów handlowych. Wykonujemy instalacje kina domowego, systemów multi-room, dedykowanych salek kinowych, sal konferencyjnych.</span></p>
<p><span style="font-family: verdana, geneva, sans-serif; font-size: 14px;">Do każdego projektu podchodzimy indywidualnie dobierając:</span></p>
<ul>
<li><span style="font-family: verdana, geneva, sans-serif; font-size: 14px;">odpowiednie okablowanie</span></li>
<li><span style="font-family: verdana, geneva, sans-serif; font-size: 14px;">rozmieszczenie elementów składowych systemu AV na wstępnie wykonanym projekcie</span></li>
<li><span style="font-family: verdana, geneva, sans-serif; font-size: 14px;">dobór sprzętu</span></li>
<li><span style="font-family: verdana, geneva, sans-serif; font-size: 14px;">opis i założenia projektu</span></li>
</ul>
<p><span style="font-family: verdana, geneva, sans-serif; font-size: 14px;">Nad każdym projektem pracujemy do momentu pełnej akceptacji z Państwa strony.</span></p>
<p><img loading="lazy" decoding="async" class="alignnone size-full wp-image-279" src="http://saptel.eu/wp-content/uploads/2016/08/multiroom.jpg" alt="multiroom" width="1280" height="720" srcset="https://saptel.pl/wp-content/uploads/2016/08/multiroom.jpg 1280w, https://saptel.pl/wp-content/uploads/2016/08/multiroom-300x169.jpg 300w, https://saptel.pl/wp-content/uploads/2016/08/multiroom-768x432.jpg 768w, https://saptel.pl/wp-content/uploads/2016/08/multiroom-1024x576.jpg 1024w" sizes="(max-width: 1280px) 100vw, 1280px" /></p>
<p>&nbsp;</p>

<p>Projektujemy i wykonujemy instalacje Audio &#8211; wizualne dla klientów indywidualnych, lokali gastronomicznych, hoteli, salonów sprzedaży i centrów handlowych. Wykonujemy instalacje kina domowego, systemów multi-room, dedykowanych salek kinowych, sal konferencyjnych. Do każdego projektu podchodzimy indywidualnie dobierając: odpowiednie okablowanie rozmieszczenie elementów składowych systemu AV na wstępnie wykonanym projekcie dobór sprzętu opis i założenia projektu Nad każdym projektem [&hellip;]</p>
