{"id":224,"date":"2016-07-10T09:00:06","date_gmt":"2016-07-10T07:00:06","guid":{"rendered":"http:\/\/saptel.eu\/?page_id=224"},"modified":"2020-04-14T20:33:42","modified_gmt":"2020-04-14T18:33:42","slug":"instalacje-antenowe","status":"publish","type":"page","link":"https:\/\/saptel.pl\/index.php\/instalacje-antenowe\/","title":{"rendered":"Instalacje Antenowe"},"content":{"rendered":"\n<div class=\"wp-block-columns is-layout-flex wp-container-core-columns-is-layout-1 wp-block-columns-is-layout-flex\">\n<div class=\"wp-block-column is-vertically-aligned-bottom is-layout-flow wp-block-column-is-layout-flow\" style=\"flex-basis:66.66%\">\n<p><span style=\"font-family: verdana, geneva, sans-serif; font-size: 14px;\">Od wsp\u00f3\u0142czesnych instalacji antenowych wymaga si\u0119, aby by\u0142y nie tylko niezawodne i funkcjonalne, ale r\u00f3wnie\u017c elastyczne. Raz zaprojektowany i wykonany szkielet instalacji powinien by\u0107 uniwersalny i umo\u017cliwia\u0107 pod\u0142\u0105czanie do niego coraz to nowocze\u015bniejszych urz\u0105dze\u0144 bez zasadniczej ingerencji w jego struktur\u0119 przez wiele lat.<\/span><br \/><span style=\"font-family: verdana, geneva, sans-serif; font-size: 14px;\"> Instalacja taka powinna umo\u017cliwia\u0107 pod\u0142\u0105czenie sygna\u0142\u00f3w telewizji naziemnej, telewizji satelitarnej, telewizji kablowej oraz w razie potrzeby innych sygna\u0142\u00f3w wizji jak np. sygna\u0142\u00f3w z kamer telewizji dozorowej. Wymaganie aby instalacja antenowa by\u0142a niezawodna i elastyczna wi\u0105\u017ce si\u0119 z konieczno\u015bci\u0105 zastosowania materia\u0142\u00f3w wysokiej jako\u015bci o sprawdzonych, okre\u015blonych parametrach.<\/span><span style=\"font-family: verdana, geneva, sans-serif; font-size: 14px;\">Proponujemy Pa\u0144stwu ofert\u0119 kompletnej pomocy przy instalacji system\u00f3w antenowych telewizji naziemnej i satelitarnej w budynkach jednorodzinnych i wielorodzinnych. Nasze us\u0142ugi dedykujemy dla hoteli, deweloper\u00f3w, sp\u00f3\u0142dzielni mieszkaniowych, zarz\u0105dc\u00f3w nieruchomo\u015bci, wsp\u00f3lnot mieszkaniowych oraz klient\u00f3w indywidualnych.<\/span><br \/><span style=\"font-family: verdana, geneva, sans-serif; font-size: 14px;\"> Zaczynaj\u0105c od dokonania ustale\u0144 wst\u0119pnych, wykonania projektu i przekazania gotowego systemu do eksploatacji wraz z pe\u0142nym serwisem gwarancyjnym i pogwarancyjnym. Nasze systemy wykonujemy w oparciu o markowy, sprawdzony sprz\u0119t gwarantuj\u0105cy ich wieloletnie i bezawaryjne dzia\u0142anie.<\/span><\/p>\n<\/div>\n\n\n\n<div class=\"wp-block-column is-layout-flow wp-block-column-is-layout-flow\" style=\"flex-basis:33.33%\">\n<figure class=\"wp-block-gallery columns-1 is-cropped wp-block-gallery-1 is-layout-flex wp-block-gallery-is-layout-flex\"><ul class=\"blocks-gallery-grid\"><li class=\"blocks-gallery-item\"><figure><img loading=\"lazy\" decoding=\"async\" width=\"250\" height=\"348\" src=\"https:\/\/saptel.pl\/wp-content\/uploads\/2020\/04\/Instalacja-TV.gif\" alt=\"\" data-id=\"797\" data-full-url=\"https:\/\/saptel.pl\/wp-content\/uploads\/2020\/04\/Instalacja-TV.gif\" data-link=\"https:\/\/saptel.pl\/index.php\/instalacje-antenowe\/instalacja-tv\/#main\" class=\"wp-image-797\"\/><\/figure><\/li><\/ul><figcaption class=\"blocks-gallery-caption\">Przyk\u0142adowa uniwersalna instalacja Antenowa<\/figcaption><\/figure>\n<\/div>\n<\/div>\n\n\n<p><span style=\"font-family: verdana, geneva, sans-serif; font-size: 14px;\">Dzi\u0119ki profesjonalnemu sprz\u0119towi pomiarowemu oraz niezb\u0119dnej wiedzy w projektowaniu i budowie instalacji antenowych, naszym klientom gwarantujemy wysokiej jako\u015bci odbi\u00f3r program\u00f3w radiowych i telewizyjnych.<\/span><\/p>\n\n\n<figure class=\"wp-block-image size-large is-resized\"><img loading=\"lazy\" decoding=\"async\" src=\"https:\/\/saptel.pl\/wp-content\/uploads\/2020\/04\/rover-hd-tab-900-plus-tot37.jpg\" alt=\"\" class=\"wp-image-799\" width=\"768\" height=\"576\" srcset=\"https:\/\/saptel.pl\/wp-content\/uploads\/2020\/04\/rover-hd-tab-900-plus-tot37.jpg 1024w, https:\/\/saptel.pl\/wp-content\/uploads\/2020\/04\/rover-hd-tab-900-plus-tot37-300x225.jpg 300w, https:\/\/saptel.pl\/wp-content\/uploads\/2020\/04\/rover-hd-tab-900-plus-tot37-768x576.jpg 768w, https:\/\/saptel.pl\/wp-content\/uploads\/2020\/04\/rover-hd-tab-900-plus-tot37-570x428.jpg 570w, https:\/\/saptel.pl\/wp-content\/uploads\/2020\/04\/rover-hd-tab-900-plus-tot37-380x285.jpg 380w, https:\/\/saptel.pl\/wp-content\/uploads\/2020\/04\/rover-hd-tab-900-plus-tot37-285x214.jpg 285w\" sizes=\"(max-width: 768px) 100vw, 768px\" \/><\/figure>\n","protected":false},"excerpt":{"rendered":"<p>Od wsp\u00f3\u0142czesnych instalacji antenowych wymaga si\u0119, aby by\u0142y nie tylko niezawodne i funkcjonalne, ale r\u00f3wnie\u017c elastyczne. Raz zaprojektowany i wykonany szkielet instalacji powinien by\u0107 uniwersalny i umo\u017cliwia\u0107 pod\u0142\u0105czanie do niego coraz to nowocze\u015bniejszych urz\u0105dze\u0144 bez zasadniczej ingerencji w jego struktur\u0119 przez wiele lat. Instalacja taka powinna umo\u017cliwia\u0107 pod\u0142\u0105czenie sygna\u0142\u00f3w telewizji naziemnej, telewizji satelitarnej, telewizji kablowej [&hellip;]<\/p>\n","protected":false},"author":1,"featured_media":0,"parent":0,"menu_order":0,"comment_status":"closed","ping_status":"closed","template":"","meta":{"footnotes":""},"categories":[],"tags":[],"aioseo_notices":[],"_links":{"self":[{"href":"https:\/\/saptel.pl\/index.php\/wp-json\/wp\/v2\/pages\/224"}],"collection":[{"href":"https:\/\/saptel.pl\/index.php\/wp-json\/wp\/v2\/pages"}],"about":[{"href":"https:\/\/saptel.pl\/index.php\/wp-json\/wp\/v2\/types\/page"}],"author":[{"embeddable":true,"href":"https:\/\/saptel.pl\/index.php\/wp-json\/wp\/v2\/users\/1"}],"replies":[{"embeddable":true,"href":"https:\/\/saptel.pl\/index.php\/wp-json\/wp\/v2\/comments?post=224"}],"version-history":[{"count":5,"href":"https:\/\/saptel.pl\/index.php\/wp-json\/wp\/v2\/pages\/224\/revisions"}],"predecessor-version":[{"id":800,"href":"https:\/\/saptel.pl\/index.php\/wp-json\/wp\/v2\/pages\/224\/revisions\/800"}],"wp:attachment":[{"href":"https:\/\/saptel.pl\/index.php\/wp-json\/wp\/v2\/media?parent=224"}],"wp:term":[{"taxonomy":"category","embeddable":true,"href":"https:\/\/saptel.pl\/index.php\/wp-json\/wp\/v2\/categories?post=224"},{"taxonomy":"post_tag","embeddable":true,"href":"https:\/\/saptel.pl\/index.php\/wp-json\/wp\/v2\/tags?post=224"}],"curies":[{"name":"wp","href":"https:\/\/api.w.org\/{rel}","templated":true}]}}