{"id":215,"date":"2016-07-10T08:50:40","date_gmt":"2016-07-10T06:50:40","guid":{"rendered":"http:\/\/saptel.eu\/?page_id=215"},"modified":"2020-04-11T17:42:24","modified_gmt":"2020-04-11T15:42:24","slug":"uslugi-informatyczne","status":"publish","type":"page","link":"https:\/\/saptel.pl\/index.php\/uslugi-informatyczne\/","title":{"rendered":"Us\u0142ugi Informatyczne"},"content":{"rendered":"\n<div class=\"wp-block-columns is-layout-flex wp-container-core-columns-is-layout-1 wp-block-columns-is-layout-flex\">\n<div class=\"wp-block-column is-vertically-aligned-center is-layout-flow wp-block-column-is-layout-flow\" style=\"flex-basis:66.66%\">\n<p><span style=\"font-family: verdana, geneva, sans-serif; font-size: 14px;\">W dobie bardzo szybkiej informatyzacji nasza firma stara si\u0119 elastycznie dostosowa\u0107 form\u0119 i spos\u00f3b \u015bwiadczonych us\u0142ug dbaj\u0105c o bezpiecze\u0144stwo oraz wszystkie aspekty informatyczne niezb\u0119dne do poprawngo funkcjonowania przedsi\u0119biorstwa.<\/span><br><span style=\"font-family: verdana, geneva, sans-serif; font-size: 14px;\">W ramach wsp\u00f3\u0142pracy zapewniamy sta\u0142\u0105 opiek\u0119 nad sprz\u0119tem komputerowym, konsultacje telefoniczne oraz interwencje w siedzibie Pa\u0144stwa firmy.<\/span><br><span style=\"font-family: verdana, geneva, sans-serif; font-size: 14px;\">Pomagamy w uzyskaniu dost\u0119pu do internetu za pomoc\u0105 \u0142\u0105cz sta\u0142ych.<\/span><br><span style=\"font-family: verdana, geneva, sans-serif; font-size: 14px;\">Doradzamy co warto zmieni\u0107 aby podwy\u017cszy\u0107 bezpiecze\u0144stwo i obni\u017cy\u0107 koszty.<\/span><\/p>\n<\/div>\n\n\n\n<div class=\"wp-block-column is-vertically-aligned-center is-layout-flow wp-block-column-is-layout-flow\" style=\"flex-basis:33.33%\">\n<div class=\"wp-block-image\"><figure class=\"aligncenter size-large\"><img loading=\"lazy\" decoding=\"async\" width=\"316\" height=\"221\" src=\"https:\/\/saptel.pl\/wp-content\/uploads\/2020\/04\/informatyka_1.jpg\" alt=\"\" class=\"wp-image-738\" srcset=\"https:\/\/saptel.pl\/wp-content\/uploads\/2020\/04\/informatyka_1.jpg 316w, https:\/\/saptel.pl\/wp-content\/uploads\/2020\/04\/informatyka_1-300x210.jpg 300w\" sizes=\"(max-width: 316px) 100vw, 316px\" \/><\/figure><\/div>\n<\/div>\n<\/div>\n\n\n<p><span style=\"font-family: verdana, geneva, sans-serif; font-size: 14px;\">Oferujemy mi\u0119dzy innymi: konfiguracj\u0119 urz\u0105dze\u0144 sieciowych (DSL, ADSL), dostaw\u0119 i instalacj\u0119 sprz\u0119tu aktywnego (routery, switche, acces pointy), modernizacj\u0119 i zakup serwer\u00f3w, komputer\u00f3w i notebook\u00f3w, dostaw\u0119 i instalacj\u0119 oprogramowania, drukarek, skaner\u00f3w i urz\u0105dze\u0144 wielofunkcyjnych, opiek\u0119 serwisow\u0105, rozbudow\u0119 <a class=\"styl11\" href=\"https:\/\/saptel.pl\/index.php\/oferta\/sieci-strukturalne\/\">sieci<\/a> o dodatkowe stanowiska, modernizacj\u0119 infrastruktury informatycznej.<\/span><\/p>\n<p><span style=\"font-family: verdana, geneva, sans-serif; font-size: 14px;\">G\u0142\u00f3wny nacisk k\u0142adziemy na rozwi\u0105zania maj\u0105ce wp\u0142yw na bezpiecze\u0144stwo. Posiadamy w swojej ofercie pe\u0142n\u0105 gam\u0119 oprogramowania antywirusowego do ochrony stacji roboczych, serwer\u00f3w, poczty oraz urz\u0105dze\u0144 PDA.<\/span><\/p>\n\n<p>\u00a0 \u00a0\u00a0<\/p>\n<p>\u00a0<\/p>\n<p>\u00a0<\/p>\n<p>\u00a0<\/p>\n\n\n<div class=\"wp-block-columns is-layout-flex wp-container-core-columns-is-layout-2 wp-block-columns-is-layout-flex\">\n<div class=\"wp-block-column is-vertically-aligned-center is-layout-flow wp-block-column-is-layout-flow\">\n<div class=\"wp-block-image\"><figure class=\"alignleft size-large is-resized\"><img loading=\"lazy\" decoding=\"async\" src=\"https:\/\/saptel.pl\/wp-content\/uploads\/2020\/04\/gdata-logo.jpg\" alt=\"\" class=\"wp-image-754\" width=\"48\" height=\"70\"\/><\/figure><\/div>\n<\/div>\n\n\n\n<div class=\"wp-block-column is-vertically-aligned-center is-layout-flow wp-block-column-is-layout-flow\">\n<figure class=\"wp-block-image size-large is-resized\"><img loading=\"lazy\" decoding=\"async\" src=\"https:\/\/saptel.pl\/wp-content\/uploads\/2020\/04\/Eset-partner.jpg\" alt=\"\" class=\"wp-image-755\" width=\"125\" height=\"68\"\/><\/figure>\n<\/div>\n\n\n\n<div class=\"wp-block-column is-vertically-aligned-center is-layout-flow wp-block-column-is-layout-flow\">\n<figure class=\"wp-block-image size-large is-resized\"><img loading=\"lazy\" decoding=\"async\" src=\"https:\/\/saptel.pl\/wp-content\/uploads\/2020\/04\/netasq.gif\" alt=\"\" class=\"wp-image-756\" width=\"90\" height=\"41\"\/><\/figure>\n<\/div>\n\n\n\n<div class=\"wp-block-column is-vertically-aligned-center is-layout-flow wp-block-column-is-layout-flow\">\n<figure class=\"wp-block-image size-large is-resized\"><img loading=\"lazy\" decoding=\"async\" src=\"https:\/\/saptel.pl\/wp-content\/uploads\/2020\/04\/Netgear.gif\" alt=\"\" class=\"wp-image-758\" width=\"105\" height=\"39\"\/><\/figure>\n<\/div>\n\n\n\n<div class=\"wp-block-column is-vertically-aligned-center is-layout-flow wp-block-column-is-layout-flow\">\n<figure class=\"wp-block-image size-large is-resized\"><img loading=\"lazy\" decoding=\"async\" src=\"https:\/\/saptel.pl\/wp-content\/uploads\/2020\/04\/bronze-small.jpg\" alt=\"\" class=\"wp-image-759\" width=\"75\" height=\"73\"\/><\/figure>\n<\/div>\n\n\n\n<div class=\"wp-block-column is-vertically-aligned-center is-layout-flow wp-block-column-is-layout-flow\">\n<figure class=\"wp-block-image size-large is-resized\"><img loading=\"lazy\" decoding=\"async\" src=\"https:\/\/saptel.pl\/wp-content\/uploads\/2020\/04\/synology.png\" alt=\"\" class=\"wp-image-760\" width=\"126\" height=\"47\" srcset=\"https:\/\/saptel.pl\/wp-content\/uploads\/2020\/04\/synology.png 606w, https:\/\/saptel.pl\/wp-content\/uploads\/2020\/04\/synology-300x113.png 300w\" sizes=\"(max-width: 126px) 100vw, 126px\" \/><\/figure>\n<\/div>\n<\/div>\n\n\n\n<div class=\"wp-block-columns are-vertically-aligned-center is-layout-flex wp-container-core-columns-is-layout-3 wp-block-columns-is-layout-flex\">\n<div class=\"wp-block-column is-vertically-aligned-center is-layout-flow wp-block-column-is-layout-flow\">\n<figure class=\"wp-block-image size-large is-resized\"><img loading=\"lazy\" decoding=\"async\" src=\"https:\/\/saptel.pl\/wp-content\/uploads\/2020\/04\/fujitsu.png\" alt=\"\" class=\"wp-image-761\" width=\"101\" height=\"47\"\/><\/figure>\n<\/div>\n\n\n\n<div class=\"wp-block-column is-vertically-aligned-center is-layout-flow wp-block-column-is-layout-flow\">\n<figure class=\"wp-block-image size-large is-resized\"><img loading=\"lazy\" decoding=\"async\" src=\"https:\/\/saptel.pl\/wp-content\/uploads\/2020\/04\/Lenovo-logo.jpg\" alt=\"\" class=\"wp-image-762\" width=\"155\" height=\"80\" srcset=\"https:\/\/saptel.pl\/wp-content\/uploads\/2020\/04\/Lenovo-logo.jpg 900w, https:\/\/saptel.pl\/wp-content\/uploads\/2020\/04\/Lenovo-logo-300x157.jpg 300w, https:\/\/saptel.pl\/wp-content\/uploads\/2020\/04\/Lenovo-logo-768x401.jpg 768w\" sizes=\"(max-width: 155px) 100vw, 155px\" \/><\/figure>\n<\/div>\n\n\n\n<div class=\"wp-block-column is-vertically-aligned-center is-layout-flow wp-block-column-is-layout-flow\">\n<div class=\"wp-block-image\"><figure class=\"aligncenter size-large is-resized\"><img loading=\"lazy\" decoding=\"async\" src=\"https:\/\/saptel.pl\/wp-content\/uploads\/2020\/04\/dell.jpg\" alt=\"\" class=\"wp-image-763\" width=\"74\" height=\"74\" srcset=\"https:\/\/saptel.pl\/wp-content\/uploads\/2020\/04\/dell.jpg 225w, https:\/\/saptel.pl\/wp-content\/uploads\/2020\/04\/dell-150x150.jpg 150w\" sizes=\"(max-width: 74px) 100vw, 74px\" \/><\/figure><\/div>\n<\/div>\n\n\n\n<div class=\"wp-block-column is-vertically-aligned-center is-layout-flow wp-block-column-is-layout-flow\">\n<figure class=\"wp-block-image size-large is-resized\"><img loading=\"lazy\" decoding=\"async\" src=\"https:\/\/saptel.pl\/wp-content\/uploads\/2020\/04\/logo-qnap.png\" alt=\"\" class=\"wp-image-765\" width=\"124\" height=\"56\" srcset=\"https:\/\/saptel.pl\/wp-content\/uploads\/2020\/04\/logo-qnap.png 340w, https:\/\/saptel.pl\/wp-content\/uploads\/2020\/04\/logo-qnap-300x138.png 300w\" sizes=\"(max-width: 124px) 100vw, 124px\" \/><\/figure>\n<\/div>\n\n\n\n<div class=\"wp-block-column is-vertically-aligned-center is-layout-flow wp-block-column-is-layout-flow\">\n<figure class=\"wp-block-image size-large is-resized\"><img loading=\"lazy\" decoding=\"async\" src=\"https:\/\/saptel.pl\/wp-content\/uploads\/2020\/04\/Mikrotik-1.png\" alt=\"\" class=\"wp-image-769\" width=\"125\" height=\"46\" srcset=\"https:\/\/saptel.pl\/wp-content\/uploads\/2020\/04\/Mikrotik-1.png 370w, https:\/\/saptel.pl\/wp-content\/uploads\/2020\/04\/Mikrotik-1-300x110.png 300w\" sizes=\"(max-width: 125px) 100vw, 125px\" \/><\/figure>\n<\/div>\n\n\n\n<div class=\"wp-block-column is-vertically-aligned-center is-layout-flow wp-block-column-is-layout-flow\">\n<figure class=\"wp-block-image size-large is-resized\"><img loading=\"lazy\" decoding=\"async\" src=\"https:\/\/saptel.pl\/wp-content\/uploads\/2020\/04\/Ubiquity.png\" alt=\"\" class=\"wp-image-770\" width=\"80\" height=\"59\" srcset=\"https:\/\/saptel.pl\/wp-content\/uploads\/2020\/04\/Ubiquity.png 705w, https:\/\/saptel.pl\/wp-content\/uploads\/2020\/04\/Ubiquity-570x428.png 570w, https:\/\/saptel.pl\/wp-content\/uploads\/2020\/04\/Ubiquity-380x285.png 380w, https:\/\/saptel.pl\/wp-content\/uploads\/2020\/04\/Ubiquity-285x214.png 285w\" sizes=\"(max-width: 80px) 100vw, 80px\" \/><\/figure>\n<\/div>\n<\/div>\n\n\n","protected":false},"excerpt":{"rendered":"<p>W dobie bardzo szybkiej informatyzacji nasza firma stara si\u0119 elastycznie dostosowa\u0107 form\u0119 i spos\u00f3b \u015bwiadczonych us\u0142ug dbaj\u0105c o bezpiecze\u0144stwo oraz wszystkie aspekty informatyczne niezb\u0119dne do poprawngo funkcjonowania przedsi\u0119biorstwa.W ramach wsp\u00f3\u0142pracy zapewniamy sta\u0142\u0105 opiek\u0119 nad sprz\u0119tem komputerowym, konsultacje telefoniczne oraz interwencje w siedzibie Pa\u0144stwa firmy.Pomagamy w uzyskaniu dost\u0119pu do internetu za pomoc\u0105 \u0142\u0105cz sta\u0142ych.Doradzamy co warto [&hellip;]<\/p>\n","protected":false},"author":1,"featured_media":0,"parent":0,"menu_order":0,"comment_status":"closed","ping_status":"closed","template":"","meta":{"footnotes":""},"categories":[],"tags":[],"aioseo_notices":[],"_links":{"self":[{"href":"https:\/\/saptel.pl\/index.php\/wp-json\/wp\/v2\/pages\/215"}],"collection":[{"href":"https:\/\/saptel.pl\/index.php\/wp-json\/wp\/v2\/pages"}],"about":[{"href":"https:\/\/saptel.pl\/index.php\/wp-json\/wp\/v2\/types\/page"}],"author":[{"embeddable":true,"href":"https:\/\/saptel.pl\/index.php\/wp-json\/wp\/v2\/users\/1"}],"replies":[{"embeddable":true,"href":"https:\/\/saptel.pl\/index.php\/wp-json\/wp\/v2\/comments?post=215"}],"version-history":[{"count":18,"href":"https:\/\/saptel.pl\/index.php\/wp-json\/wp\/v2\/pages\/215\/revisions"}],"predecessor-version":[{"id":771,"href":"https:\/\/saptel.pl\/index.php\/wp-json\/wp\/v2\/pages\/215\/revisions\/771"}],"wp:attachment":[{"href":"https:\/\/saptel.pl\/index.php\/wp-json\/wp\/v2\/media?parent=215"}],"wp:term":[{"taxonomy":"category","embeddable":true,"href":"https:\/\/saptel.pl\/index.php\/wp-json\/wp\/v2\/categories?post=215"},{"taxonomy":"post_tag","embeddable":true,"href":"https:\/\/saptel.pl\/index.php\/wp-json\/wp\/v2\/tags?post=215"}],"curies":[{"name":"wp","href":"https:\/\/api.w.org\/{rel}","templated":true}]}}