{"id":138,"date":"2016-06-28T23:13:43","date_gmt":"2016-06-28T21:13:43","guid":{"rendered":"http:\/\/saptel.eu\/?page_id=138"},"modified":"2021-04-03T21:03:25","modified_gmt":"2021-04-03T19:03:25","slug":"voip","status":"publish","type":"page","link":"https:\/\/saptel.pl\/index.php\/voip\/","title":{"rendered":"VoIP"},"content":{"rendered":"<div id=\"content\">\n<div>\n<table style=\"border-color: #FFFFFF;\" border=\"0\" width=\"100%\" cellspacing=\"20\">\n<tbody>\n<tr>\n<td style=\"border-color: #ffffff; width: 55%; height: 222px; text-align: left;\" valign=\"middle\" width=\"55%\" height=\"222\"><span style=\"font-size: 14px; font-family: verdana, geneva, sans-serif;\">Technologia VoIP (Voice over Internet Protocol) to technologia umo\u017cliwiaj\u0105ca przesy\u0142anie g\u0142osu za pomoc\u0105 \u0142\u0105czy internetowych lub dedykowanych sieci wykorzystuj\u0105cych protok\u00f3\u0142 IP. Jej g\u0142\u00f3wnym za\u0142o\u017ceniem jest integracja ruchu telefonicznego z transmisj\u0105 danych i stworzenie jednej uniwersalnej sieci mog\u0105cej przenosi\u0107 ka\u017cdy rodzaj ruchu.<\/span><\/td>\n<td style=\"border-color: #ffffff; width: 45%;\" align=\"center\" width=\"45%\"><img loading=\"lazy\" decoding=\"async\" class=\"wp-image-309 size-full aligncenter\" src=\"https:\/\/saptel.pl\/wp-content\/uploads\/2016\/06\/Deskphones_group.png\" alt=\"\" width=\"300\" height=\"147\" \/><\/td>\n<\/tr>\n<\/tbody>\n<\/table>\n<table style=\"border-color: #FFFFFF;\" border=\"0\" width=\"100%\" cellspacing=\"20\">\n<tbody>\n<tr>\n<td style=\"border-color: #ffffff; text-align: left;\"><span style=\"font-size: 14px; font-family: verdana, geneva, sans-serif;\">Zalety technologii VoIP to mi\u0119dzy innymi:<\/span><br \/>\n<span style=\"font-size: 14px; font-family: verdana, geneva, sans-serif;\"> &#8211; wykorzystanie istniej\u0105cej infrastruktury sieciowej do transmisji danych,<\/span><br \/>\n<span style=\"font-size: 14px; font-family: verdana, geneva, sans-serif;\"> &#8211; mo\u017cliwo\u015b\u0107 pracy bez po\u015brednictwa operatora,<\/span><br \/>\n<span style=\"font-size: 14px; font-family: verdana, geneva, sans-serif;\"> &#8211; bezp\u0142atne po\u0142\u0105czenia VoIP to VoIP,<\/span><br \/>\n<span style=\"font-size: 14px; font-family: verdana, geneva, sans-serif;\"> &#8211; funkcjonalno\u015b\u0107,<\/span><br \/>\n<span style=\"font-size: 14px; font-family: verdana, geneva, sans-serif;\"> &#8211; \u0142atwa implementacja,<\/span><br \/>\n<span style=\"font-size: 14px; font-family: verdana, geneva, sans-serif;\"> &#8211; mobilno\u015b\u0107.<\/span><\/td>\n<\/tr>\n<\/tbody>\n<\/table>\n<table style=\"border-color: #FFFFFF;\" border=\"0\" width=\"100%\" cellspacing=\"20\">\n<tbody>\n<tr>\n<td style=\"border-color: #ffffff; width: 55%; height: 210px; text-align: left;\" align=\"left\" valign=\"top\" width=\"55%\" height=\"210\"><span style=\"font-size: 14px; font-family: verdana, geneva, sans-serif;\">Telefonia VoIP wykorzystuje dwa g\u0142\u00f3wne typy protoko\u0142\u00f3w. Protoko\u0142y sygnalizacyjne, kt\u00f3rych zadaniem jest po\u015bredniczenie w komunikacji dw\u00f3ch urz\u0105dze\u0144 VoIP. Drugi typ to protoko\u0142y transportowe, odpowiadaj\u0105ce za przesy\u0142 pakiet\u00f3w g\u0142osowych.<\/span><br \/>\n<span style=\"font-size: 14px; font-family: verdana, geneva, sans-serif;\"> Jedne z wa\u017cniejszych protoko\u0142\u00f3w sygnalizacyjnych to: SIP, LTP, H.323, SCCP, MGCP, Megaco, IAX, STUN, ENUM, TRIP, SIMPLE, RTP, PINT, SCTP, T.37, T.38, COPS.<\/span><br \/>\n<span style=\"font-size: 14px; font-family: verdana, geneva, sans-serif;\"> Obecnie licz\u0105cymi si\u0119 standardami protoko\u0142\u00f3w sygnalizacyjnych dla telefonii VoIP s\u0105 SIP oraz H323.<\/span><\/td>\n<td style=\"border-color: #ffffff; width: 45%;\" align=\"center\" valign=\"middle\" width=\"45%\"><span style=\"font-family: verdana, geneva, sans-serif;\"><img loading=\"lazy\" decoding=\"async\" class=\"alignnone size-full wp-image-851\" src=\"https:\/\/saptel.pl\/wp-content\/uploads\/2021\/04\/yeastar-s_-series.png\" alt=\"\" width=\"548\" height=\"250\" srcset=\"https:\/\/saptel.pl\/wp-content\/uploads\/2021\/04\/yeastar-s_-series.png 548w, https:\/\/saptel.pl\/wp-content\/uploads\/2021\/04\/yeastar-s_-series-300x137.png 300w\" sizes=\"(max-width: 548px) 100vw, 548px\" \/><\/span><\/td>\n<\/tr>\n<\/tbody>\n<\/table>\n<table class=\" alignleft\" style=\"border-color: #FFFFFF;\" border=\"0\" width=\"100%\" cellspacing=\"20\">\n<tbody>\n<tr>\n<th style=\"border-color: #ffffff; width: 69.8591%; height: 85px;\" scope=\"col\" align=\"left\" valign=\"top\" height=\"85\"><span style=\"font-size: 14px; font-family: verdana, geneva, sans-serif;\">Jeste\u015bmy partnerem handlowym firmy Aiton Caldwell, jednego z wiod\u0105cych us\u0142ugodawc\u00f3w telefonii internetowej w Polsce.<\/span><br \/>\n<span style=\"font-size: 14px; font-family: verdana, geneva, sans-serif;\"> Swoj\u0105 popularno\u015b\u0107 zawdzi\u0119cza unikatowym w skali \u015bwiatowej cechom platformy VoIP poniewa\u017c oferuje darmowe rozmowy pomi\u0119dzy wszystkimi zarejestrowanymi na platformie numerami telefon\u00f3w, bez znaczenia na przynale\u017cno\u015b\u0107 numeru do operatora oraz w jakich krajach mieszkaj\u0105 ich u\u017cytkownicy. Na numery niezarejestrowane mo\u017cna dzwoni\u0107 po najni\u017cszych cenach na rynku.<\/span><\/p>\n<p class=\"styl22\"><span style=\"font-size: 14px; font-family: verdana, geneva, sans-serif;\"><a class=\"styl11\" href=\"http:\/\/www.freeconet.pl\/pl\/cennik\/cennik-polaczen-telefonicznych\">Cennik po\u0142\u0105cze\u0144 VoIP<\/a> <span class=\"styl19\">FCN<\/span><\/span><\/p>\n<\/th>\n<th style=\"border-color: #ffffff; width: 28.1409%;\" scope=\"col\"><span style=\"font-size: 14px; font-family: verdana, geneva, sans-serif;\"><object title=\"Adobe Flash Player\" data=\"https:\/\/webservices.freeconet.pl\/baner.php?name=box&amp;width=150&amp;height=150\" type=\"application\/x-shockwave-flash\" width=\"209\" height=\"209\"><\/object><\/span><\/th>\n<\/tr>\n<\/tbody>\n<\/table>\n<table style=\"border-color: #FFFFFF;\" border=\"0\" width=\"100%\" cellspacing=\"20\">\n<tbody>\n<tr style=\"height: 24px;\">\n<td style=\"height: 24px; border-color: #ffffff; text-align: left;\"><span style=\"font-family: verdana, geneva, sans-serif;\"><img loading=\"lazy\" decoding=\"async\" class=\"alignleft\" src=\"http:\/\/saptel.pl\/images\/wstecz.jpg\" alt=\"\" width=\"14\" height=\"12\" \/> <strong><span style=\"font-size: 16px;\"><a class=\"styl12\" href=\"http:\/\/saptel.eu\/index.php\/oferta\/\">wstecz<\/a><\/span><\/strong><\/span><\/td>\n<\/tr>\n<\/tbody>\n<\/table>\n<div align=\"justify\"><\/div>\n<\/div>\n<\/div>\n<div id=\"footer\"><\/div>\n","protected":false},"excerpt":{"rendered":"<p>Technologia VoIP (Voice over Internet Protocol) to technologia umo\u017cliwiaj\u0105ca przesy\u0142anie g\u0142osu za pomoc\u0105 \u0142\u0105czy internetowych lub dedykowanych sieci wykorzystuj\u0105cych protok\u00f3\u0142 IP. Jej g\u0142\u00f3wnym za\u0142o\u017ceniem jest integracja ruchu telefonicznego z transmisj\u0105 danych i stworzenie jednej uniwersalnej sieci mog\u0105cej przenosi\u0107 ka\u017cdy rodzaj ruchu. Zalety technologii VoIP to mi\u0119dzy innymi: &#8211; wykorzystanie istniej\u0105cej infrastruktury sieciowej do transmisji danych, [&hellip;]<\/p>\n","protected":false},"author":1,"featured_media":0,"parent":0,"menu_order":0,"comment_status":"closed","ping_status":"closed","template":"","meta":{"footnotes":""},"categories":[],"tags":[],"aioseo_notices":[],"_links":{"self":[{"href":"https:\/\/saptel.pl\/index.php\/wp-json\/wp\/v2\/pages\/138"}],"collection":[{"href":"https:\/\/saptel.pl\/index.php\/wp-json\/wp\/v2\/pages"}],"about":[{"href":"https:\/\/saptel.pl\/index.php\/wp-json\/wp\/v2\/types\/page"}],"author":[{"embeddable":true,"href":"https:\/\/saptel.pl\/index.php\/wp-json\/wp\/v2\/users\/1"}],"replies":[{"embeddable":true,"href":"https:\/\/saptel.pl\/index.php\/wp-json\/wp\/v2\/comments?post=138"}],"version-history":[{"count":18,"href":"https:\/\/saptel.pl\/index.php\/wp-json\/wp\/v2\/pages\/138\/revisions"}],"predecessor-version":[{"id":852,"href":"https:\/\/saptel.pl\/index.php\/wp-json\/wp\/v2\/pages\/138\/revisions\/852"}],"wp:attachment":[{"href":"https:\/\/saptel.pl\/index.php\/wp-json\/wp\/v2\/media?parent=138"}],"wp:term":[{"taxonomy":"category","embeddable":true,"href":"https:\/\/saptel.pl\/index.php\/wp-json\/wp\/v2\/categories?post=138"},{"taxonomy":"post_tag","embeddable":true,"href":"https:\/\/saptel.pl\/index.php\/wp-json\/wp\/v2\/tags?post=138"}],"curies":[{"name":"wp","href":"https:\/\/api.w.org\/{rel}","templated":true}]}}